ltiple of 4?
False
Is 9 a factor of 28054710?
True
Is 40 a factor of 5811011480?
True
Does 5 divide 122284535?
True
Is 1319302710 a multiple of 3663?
True
Is 58207682 a multiple of 26?
True
Does 37 divide 390119379?
True
Is 45 a factor of 56672741?
False
Is 4152 a factor of 198597365?
False
Does 11 divide 30127466?
False
Does 2014 divide 846749059?
False
Does 93 divide 239010016?
False
Does 733 divide 1083697253?
True
Does 11 divide 4578650?
False
Does 4 divide 62663863?
False
Is 73112389 a multiple of 7?
True
Does 21 divide 19245863?
False
Does 252 divide 7412832?
True
Does 77 divide 44405248?
False
Is 105384967 a multiple of 1612?
False
Is 2433 a factor of 47231374?
False
Is 43 a factor of 267789638?
True
Does 1142 divide 1677589558?
False
Does 14 divide 197294933?
False
Does 453 divide 623907387?
True
Does 5 divide 20007852?
False
Is 1356 a factor of 834376225?
False
Is 175 a factor of 28820575?
True
Is 451 a factor of 6774020?
True
Is 181 a factor of 77484303?
False
Does 31 divide 35997547?
False
Is 17 a factor of 14276005?
True
Does 344 divide 2082827464?
True
Does 21 divide 246312129?
True
Is 7414077 a multiple of 5?
False
Is 327281086 a multiple of 185?
False
Is 27 a factor of 521073?
True
Is 596732797 a multiple of 10?
False
Is 44134224 a multiple of 48?
True
Does 33 divide 8384739?
True
Does 7 divide 8634451?
True
Is 41674152 a multiple of 17?
False
Does 2 divide 501652?
True
Is 146 a factor of 27595168?
True
Is 97055730 a multiple of 45?
True
Does 42 divide 13678003?
False
Does 64 divide 22291345?
False
Is 57 a factor of 22536055?
False
Does 97 divide 91953025?
False
Does 16 divide 2330528?
True
Is 561563191 a multiple of 7?
True
Is 23 a factor of 98433290?
False
Is 256392878 a multiple of 323?
True
Is 127 a factor of 369063120?
False
Does 25 divide 21914850?
True
Is 18 a factor of 35531046?
True
Does 985 divide 1713878330?
True
Is 1845 a factor of 247398807?
False
Does 28 divide 15375127?
False
Is 710693 a multiple of 86?
False
Is 5 a factor of 1870720?
True
Does 22 divide 14124614?
False
Is 6717 a factor of 1471823135?
False
Does 93 divide 1348752385?
False
Does 74 divide 4835456?
True
Does 3368 divide 431514320?
False
Is 37964729 a multiple of 41?
True
Does 133 divide 927795857?
False
Is 33 a factor of 66154981?
False
Is 2971550 a multiple of 515?
True
Does 40 divide 31793843?
False
Is 371911821 a multiple of 220?
False
Does 822 divide 2058510129?
False
Is 7 a factor of 803848673?
False
Is 3943303 a multiple of 26?
False
Does 17 divide 747014731?
True
Is 215 a factor of 570215384?
False
Does 84 divide 171488940?
True
Is 18 a factor of 2094721164?
True
Is 6434809 a multiple of 1447?
True
Does 6 divide 25231417?
False
Is 998096510 a multiple of 295?
True
Is 402 a factor of 126224382?
True
Is 297 a factor of 409575771?
True
Is 11395236 a multiple of 249?
True
Does 3 divide 10995911?
False
Is 2157 a factor of 16862331?
False
Does 1687 divide 21147659?
False
Does 69 divide 31695267?
False
Does 698 divide 221621980?
True
Is 53 a factor of 145517118?
True
Is 63 a factor of 367248832?
False
Is 1534411413 a multiple of 4995?
False
Is 322 a factor of 50424878?
True
Is 470616040 a multiple of 205?
True
Does 973 divide 40124574?
True
Is 190380803 a multiple of 576?
False
Is 1194 a factor of 83308444?
False
Is 113104548 a multiple of 1171?
True
Does 14 divide 301703962?
True
Is 434629185 a multiple of 598?
False
Is 10553333 a multiple of 7?
True
Is 42565281 a multiple of 71?
True
Does 133 divide 11355648?
False
Is 612 a factor of 183334719?
False
Is 464 a factor of 5124924?
False
Is 18667799 a multiple of 40?
False
Does 43 divide 50664681?
False
Is 714824605 a multiple of 708?
False
Is 86472209 a multiple of 39?
False
Is 2 a factor of 5311713?
False
Is 952271190 a multiple of 18?
True
Is 35 a factor of 68670151?
False
Is 166 a factor of 1863428235?
False
Is 2172 a factor of 20049419?
False
Is 13 a factor of 10461568?
True
Does 43 divide 313707145?
True
Is 27886528 a multiple of 16?
True
Does 74 divide 2071186?
True
Is 11 a factor of 923080433?
True
Does 75 divide 4354313?
False
Is 6475628 a multiple of 3?
False
Does 202 divide 48355539?
False
Is 99 a factor of 18669157?
False
Does 12 divide 231257813?
False
Is 623 a factor of 120278872?
True
Is 233 a factor of 1260281530?
False
Does 104 divide 2631456?
False
Does 59 divide 1848352?
True
Does 16 divide 5422492624?
True
Does 6403 divide 2297028357?
False
Is 106 a factor of 49396091?
False
Is 320 a factor of 17477521?
False
Is 683 a factor of 66378721?
True
Is 234 a factor of 137568366?
True
Is 374642020 a multiple of 694?
True
Is 40 a factor of 85703390?
False
Is 77981232 a multiple of 1272?
True
Is 2250484 a multiple of 338?
False
Is 2124 a factor of 24641398?
False
Does 290 divide 64417983?
False
Is 18035253 a multiple of 56?
False
Is 26 a factor of 678326259?
False
Is 547575630 a multiple of 3262?
True
Does 19 divide 389210326?
True
Is 3237952 a multiple of 8?
True
Is 167 a factor of 11712045?
False
Does 18 divide 1109790?
True
Is 2559 a factor of 616776733?
False
Does 505 divide 33442615?
True
Is 1100 a factor of 824597741?
False
Does 36 divide 1031486760?
True
Is 22279036 a multiple of 566?
False
Does 10 divide 114493540?
True
Does 95 divide 79715070?
True
Is 6910005 a multiple of 115?
True
Is 921 a factor of 390042579?
True
Is 441131193 a multiple of 1104?
False
Is 3 a factor of 21012456?
True
Is 109528567 a multiple of 316?
False
Is 142020999 a multiple of 27?
True
Is 460 a factor of 194375230?
False
Does 3989 divide 2107514050?
False
Is 276 a factor of 191303540?
False
Is 25 a factor of 1184394645?
False
Is 263 a factor of 4018374?
False
Is 13 a factor of 895655?
False
Does 6 divide 1611248104?
False
Is 248 a factor of 27103424?
True
Does 43 divide 21027903?
True
Is 394573372 a multiple of 29?
False
Does 22 divide 6271097?
False
Is 1354985730 a multiple of 315?
True
Does 17 divide 18005690?
False
Is 19 a factor of 3591913368?
True
Does 1193 divide 13523283?
False
Does 12 divide 9655894?
False
Does 36 divide 46047240?
True
Does 21 divide 5237442?
True
Is 18155158 a multiple of 135?
False
Is 273 a factor of 617126?
False
Does 807 divide 164913151?
False
Is 34835910 a multiple of 3030?
True
Is 53 a factor of 601017319?
False
Is 19 a factor of 193755027?
True
Does 1354 divide 2052657230?
True
Is 3073788083 a multiple of 142?
False
Is 114346640 a multiple of 18?
False
Is 3109179152 a multiple of 1546?
True
Is 3608670 a multiple of 5?
True
Is 1625 a factor of 1476458437?
False
Is 15 a factor of 9336335?
False
Is 647884695 a multiple of 1385?
False
Is 5983 a factor of 1463036721?
False
Is 28214592 a multiple of 123?
False
Is 19 a factor of 127114580?
False
Is 491174985 a multiple of 95?
True
Does 289 divide 1331680499?
True
Does 3 divide 758765781?
True
Does 413 divide 68722787?
True
Is 90407961 a multiple of 189?
True
Is 1452853240 a multiple of 40?
True
Does 28 divide 38210060?
True
Is 5214132 a multiple of 81?
True
Is 733535192 a multiple of 2496?
False
Is 34348835 a multiple of 4259?
True
Is 5353 a factor of 1192447469?
False
Does 1830 divide 13574968?
False
Is 43 a factor of 443760?
True
Is 36 a factor of 745740?
True
Does 26 divide 61463500?
False
Does 366 divide 260209634?
False
Is 508655212 a multiple of 299?
True
Is 174627061 a multiple of 6143?
True
Is 350194993 a multiple of 2?
False
Is 138718860 a multiple of 105?
True
Is 1493 a factor of 695672512?
False
Is 1960873626 a multiple of 82?
True
Does 15 divide 29036865?
True
Is 5 a factor of 302996380?
True
Is 75 a factor of 67734107?
False
Is 8438844 a multiple of 501?
True
Is 18358566 a multiple of 29?
True
Does 6166 divide 303931674?
False
Is 62 a factor of 1504720806?
False
Is 799238218 a multiple of 13?
False
Is 721965004 a multiple of 4457?
False
Is 177 a factor of 6941763?
True
Is 145687076 a multiple of 17?
True
Is 5 a factor of 172234261?
False
Is 45 a factor of 667588105?
False
Does 1867 divide 198945726?
False
Is 357 a factor of 91023576?
True
Is 46079727 a multiple of 48?
False
Is 6966090852 a multiple of 12?
True
Is 1792371240 a multiple of 11?
True
Is 10 a factor of 286469?
False
Is 44 a factor of 88605503?
False
Does 11 divide 3668167796?
False
Is 7249 a factor of 204131840?
True
Does 222 divide 259786176?
True
Is 19